ase 7, what is -63 - -44?
-16
In base 10, what is -869831 + -5?
-869836
In base 11, what is -29 + -515?
-543
In base 11, what is 130 - -55?
185
In base 14, what is 3117 - 3?
3114
In base 10, what is -240 + -9737?
-9977
In base 2, what is 1000111100 - 101110?
1000001110
In base 14, what is 7c19 + 50?
7c69
In base 12, what is 2 + -258b91?
-258b8b
In base 15, what is -4565 + 0?
-4565
In base 12, what is 0 + 239472?
239472
In base 13, what is -259 - -66?
-1c3
In base 10, what is -29 + 109?
80
In base 13, what is -13c + -a87?
-bc6
In base 6, what is -1135 + 1425?
250
In base 4, what is -11 + 231110332?
231110321
In base 16, what is -1574f - 1?
-15750
In base 13, what is 431b - 97?
4254
In base 7, what is 10 - 141054?
-141044
In base 13, what is 5 + -3644?
-363c
In base 8, what is -45 + -256?
-323
In base 10, what is -8839 - -40?
-8799
In base 14, what is 4 + 15769?
1576d
In base 9, what is 528 - -10?
538
In base 9, what is -173867 + 2?
-173865
In base 15, what is -15252 + -18?
-1526a
In base 14, what is -425 + a9?
-35a
In base 3, what is -10120 + 21020211?
21010021
In base 11, what is -9a + -65?
-154
In base 6, what is 2 - -105030?
105032
In base 15, what is -c + 15c?
150
In base 6, what is -45543 + 23?
-45520
In base 6, what is 3 - 22114?
-22111
In base 3, what is 10100 - -1100001001?
1100011101
In base 5, what is 102111 + 1233?
103344
In base 5, what is -143313 + 1?
-143312
In base 10, what is 7535 - 15?
7520
In base 15, what is 19 - -401?
41a
In base 11, what is a87743 + -3?
a87740
In base 5, what is 1210 + 44034?
100244
In base 10, what is 19 + -32672?
-32653
In base 15, what is -3a92 - -a?
-3a87
In base 13, what is -ac2b + 2?
-ac29
In base 9, what is 3 + -247762?
-247758
In base 10, what is -1510342 - 1?
-1510343
In base 13, what is -37 - 21?
-58
In base 10, what is 2973 + -1?
2972
In base 5, what is -122143 + 33?
-122110
In base 2, what is -110110110110000011010 - 0?
-110110110110000011010
In base 10, what is 0 + 179428?
179428
In base 13, what is -16 - 276?
-28c
In base 5, what is -42031 + 10?
-42021
In base 12, what is 457227 - -3?
45722a
In base 8, what is -175027 + 14?
-175013
In base 10, what is 106849 + -19?
106830
In base 2, what is 110010 + -100110001?
-11111111
In base 2, what is -1100101010001101 - 101?
-1100101010010010
In base 5, what is 1 - -223111?
223112
In base 9, what is 1368608 + 5?
1368614
In base 4, what is 122313202303 + 3?
122313202312
In base 10, what is 492769 - -8?
492777
In base 16, what is -1 + -3fab?
-3fac
In base 9, what is -75 + 667?
582
In base 5, what is -1211031 + 10?
-1211021
In base 7, what is 120062 + -13?
120046
In base 3, what is 101000011000 + -11?
101000010212
In base 7, what is 2303 + 2430?
5033
In base 4, what is 101020 - -13003?
120023
In base 14, what is -d0a - 2?
-d0c
In base 8, what is 1 + -747622?
-747621
In base 13, what is 4291c1 + 2?
4291c3
In base 3, what is 11002012 - -10100?
11012112
In base 13, what is 8756 + 4?
875a
In base 10, what is -1 + 498036?
498035
In base 13, what is -461 - 19c?
-630
In base 3, what is 10000112 + -21111?
2202001
In base 15, what is 9b + 527?
5c3
In base 16, what is -3c3c0 + a?
-3c3b6
In base 14, what is 1488 + -1?
1487
In base 13, what is 866b - 4?
8667
In base 2, what is 11000101011 - 10000?
11000011011
In base 9, what is 6554 + -82?
6462
In base 3, what is -21100121 - 1110?
-21102001
In base 12, what is 36655 + -1?
36654
In base 10, what is -2608 - -21?
-2587
In base 7, what is 610141 + -3?
610135
In base 5, what is -240130413 + -10?
-240130423
In base 15, what is 8 + -e3e6d?
-e3e65
In base 14, what is -5 - 14195a?
-141961
In base 8, what is 237 + -156?
61
In base 4, what is 11 + -32321001?
-32320330
In base 6, what is 2 + 11220314?
11220320
In base 2, what is -1 + 111100011001001?
111100011001000
In base 7, what is 13 - -15563?
15606
In base 7, what is -332144 + -5?
-332152
In base 13, what is 25b + ba?
348
In base 6, what is 12 - 2151?
-2135
In base 15, what is 2 + -8b72?
-8b70
In base 16, what is 97 + 3327?
33be
In base 2, what is -1 - 110101101?
-110101110
In base 7, what is -3 - 133300?
-133303
In base 4, what is 1020 - -33103?
100123
In base 4, what is -3010301012 + -10?
-3010301022
In base 6, what is 0 - -341312?
341312
In base 12, what is -7120 + -a?
-712a
In base 2, what is 11 - 1010001100011110101?
-1010001100011110010
In base 12, what is 0 + -761b8?
-761b8
In base 2, what is -100100110011110 + -1101100?
-100101000001010
In base 8, what is -60643 + -5?
-60650
In base 7, what is -1 + -1064016?
-1064020
In base 15, what is 92a9 - 5?
92a4
In base 11, what is -4 + 353939?
353935
In base 9, what is -1 - 62125?
-62126
In base 3, what is 110022 + 2010212?
2121011
In base 10, what is 215 - -177?
392
In base 6, what is 311 - -153312?
154023
In base 6, what is -1 - 15055242?
-15055243
In base 13, what is -b3b5 - 1?
-b3b6
In base 5, what is -3421 + -434?
-4410
In base 3, what is 21 + -110121210?
-110121112
In base 7, what is 1053 + -1123?
-40
In base 13, what is 63b5 + -5c?
6356
In base 12, what is -1 + 7855?
7854
In base 15, what is -28d - -b?
-282
In base 2, what is -100100101 - 11011011?
-1000000000
In base 8, what is 6010 - -37?
6047
In base 15, what is 2 + 61208?
6120a
In base 9, what is 50 + 28?
78
In base 7, what is 41254 + 25?
41312
In base 3, what is -2102 + -11102100?
-11111202
In base 10, what is 293511 - 1?
293510
In base 3, what is 12 + -211102022211?
-211102022122
In base 8, what is 142522 + 0?
142522
In base 15, what is 4d5b + -2?
4d59
In base 8, what is -62530 + 3?
-62525
In base 9, what is 28472 - 3?
28468
In base 15, what is -18c + -1?
-18d
In base 8, what is 2 + -177635?
-177633
In base 11, what is 295a - -28?
2987
In base 9, what is 473 - 83?
380
In base 4, what is -110031123 - 0?
-110031123
In base 13, what is 3 - 27aba?
-27ab7
In base 2, what is 1 + 111101010101?
111101010110
In base 4, what is 3023221 - 203?
3023012
In base 11, what is -1 + 38150?
3814a
In base 2, what is -101111 - 100100100111010?
-100100101101001
In base 14, what is 37 + -519c?
-5165
In base 6, what is 123 + -53501?
-53334
In base 7, what is 4 - -2414603?
2414610
In base 7, what is 341606 + -4?
341602
In base 8, what is 24004 - 4?
24000
In base 12, what is -5b1 + -25?
-616
In base 14, what is 93ba2 + -4?
93b9c
In base 8, what is 7101 - 200?
6701
In base 15, what is d6d - -3?
d71
In base 8, what is -53 + 7770?
7715
In base 10, what is 9 + 185876?
185885
In base 6, what is -1203 + -1430?
-3033
In base 11, what is -29048 + 153?
-289a5
In base 5, what is 0 - 30012323?
-30012323
In base 8, what is 37426 + 62?
37510
In base 10, what is -43 + 32298?
32255
In base 7, what is 4622 - -12?
4634
In base 8, what is -1 + 7411621?
7411620
In base 11, what is -102339 - -8?
-102331
In base 13, what is aa + 5054?
5131
In base 10, what is 53 - -7051?
7104
In base 6, what is -1440 + 3?
-1433
In base 2, what is 111011001100100000 - 100?
111011001100011100
In base 14, what is -11204 - -1?
-11203
In base 10, what is -8341 - 12?
-8353
In base 16, what is -45 - -51?
c
In base 15, what is 58d + -ae?
4ce
In base 12, what is -4783 - -31?
-4752
In base 2, what is 11001011110 + -10101?
11001001001
In base 8, what is 1 - -23472?
23473
In base 5, what is -4 + -144422431?
-144422440
In base 3, what is -1012 + -122120?
-200202
In base 14, what is 1 - 1a17?
-1a16
In base 16, what is -aaf + -c?
-abb
In base 9, what is -74 - 2370?
-2454
In base 16, what is 0 - -86d?
86d
In base 11, what is 10 + -485?
-475
In base 13, what is -478 - -10a1?
926
In base 14, what is -a0 - -3a9?
309
In base 11, what is 1 + -59320?
-5931a
In base 9, what is 3215 + 566?
3782
In base 4, what is 123330313 + 22?
123331001
In base 6, what is -135 - -10004?
5425
In base 2, what is 0 + -111011100?
-111011100
In base 12, what is -2 + -1b41?
-1b43
In base 13, what is -5 + -53718?
-53720
In base 15, what is 2a + -69b?
-671
In base 9, what is 1354512 - -2?
1354514
In base 11, what is 11a20 - -49?
11a69
In base 7, what is 2626 + 3263?
6222
In base 3, what is 12100100000 + 2?
12100100002
In base 11, what is -8754 + 7?
-8748
In base 8, what is 5 + 123540?
123545
In base 14, what is 652 - 1136?
-8c4
In base 2, what is 11011011001100110 + -111?
11011011001011111
In base 4, what is 132 - 111220032?
-111213300
In base 9, what is 0 - 1206460?
-